{"id":106037,"date":"2024-12-10T13:28:31","date_gmt":"2024-12-10T12:28:31","guid":{"rendered":"https:\/\/motorpor.pt\/?post_type=vehica_car&#038;p=106037"},"modified":"2026-01-08T16:36:05","modified_gmt":"2026-01-08T15:36:05","slug":"cyberster","status":"publish","type":"vehica_car","link":"https:\/\/motorpor.pt\/en\/carros\/cyberster\/","title":{"rendered":"Cyberster"},"content":{"rendered":"<p>O Cyberster \u00e9 um tributo a quem desafia o convencional. Com linhas sofisticadas e uma silhueta aerodin\u00e2mica, cada detalhe foi projetado para combinar desempenho excecional e um estilo que n\u00e3o passa despercebido.<\/p>","protected":false},"author":82,"featured_media":0,"template":"","vehica_6654":[2072],"vehica_6659":[3067],"vehica_6660":[3133],"vehica_21091":[],"vehica_6662":[2313],"vehica_6666":[],"vehica_21323":[],"vehica_12770":[2879],"vehica_6663":[2933],"vehica_12974":[],"vehica_6670":[],"vehica_6657":[],"vehica_6655":[],"vehica_24503":[],"vehica_24693":[],"vehica_26462":[2681],"vehica_26860":[],"vehica_114400":[],"class_list":["post-106037","vehica_car","type-vehica_car","status-publish","hentry","vehica_6654-novos","vehica_6659-mg","vehica_6660-cyberster","vehica_6662-automatica","vehica_12770-2879","vehica_6663-electrico","vehica_26462-stock"],"acf":[],"yoast_head":"<!-- This site is optimized with the Yoast SEO plugin v27.5 - https:\/\/yoast.com\/product\/yoast-seo-wordpress\/ -->\n<title>Cyberster - Motorpor<\/title>\n<meta name=\"robots\" content=\"index, follow, max-snippet:-1, max-image-preview:large, max-video-preview:-1\" \/>\n<link rel=\"canonical\" href=\"https:\/\/motorpor.pt\/en\/carros\/cyberster\/\" \/>\n<meta property=\"og:locale\" content=\"en_US\" \/>\n<meta property=\"og:type\" content=\"article\" \/>\n<meta property=\"og:title\" content=\"Cyberster - Motorpor\" \/>\n<meta property=\"og:description\" content=\"O Cyberster \u00e9 um tributo a quem desafia o convencional. Com linhas sofisticadas e uma silhueta aerodin\u00e2mica, cada detalhe foi projetado para combinar desempenho excecional e um estilo que n\u00e3o passa despercebido.\" \/>\n<meta property=\"og:url\" content=\"https:\/\/motorpor.pt\/en\/carros\/cyberster\/\" \/>\n<meta property=\"og:site_name\" content=\"Motorpor\" \/>\n<meta property=\"article:modified_time\" content=\"2026-01-08T15:36:05+00:00\" \/>\n<meta name=\"twitter:card\" content=\"summary_large_image\" \/>\n<script type=\"application\/ld+json\" class=\"yoast-schema-graph\">{\"@context\":\"https:\\\/\\\/schema.org\",\"@graph\":[{\"@type\":\"WebPage\",\"@id\":\"https:\\\/\\\/motorpor.pt\\\/carros\\\/cyberster\\\/\",\"url\":\"https:\\\/\\\/motorpor.pt\\\/carros\\\/cyberster\\\/\",\"name\":\"Cyberster - Motorpor\",\"isPartOf\":{\"@id\":\"https:\\\/\\\/motorpor.pt\\\/#website\"},\"datePublished\":\"2024-12-10T12:28:31+00:00\",\"dateModified\":\"2026-01-08T15:36:05+00:00\",\"breadcrumb\":{\"@id\":\"https:\\\/\\\/motorpor.pt\\\/carros\\\/cyberster\\\/#breadcrumb\"},\"inLanguage\":\"en-US\",\"potentialAction\":[{\"@type\":\"ReadAction\",\"target\":[\"https:\\\/\\\/motorpor.pt\\\/carros\\\/cyberster\\\/\"]}]},{\"@type\":\"BreadcrumbList\",\"@id\":\"https:\\\/\\\/motorpor.pt\\\/carros\\\/cyberster\\\/#breadcrumb\",\"itemListElement\":[{\"@type\":\"ListItem\",\"position\":1,\"name\":\"In\u00edcio\",\"item\":\"https:\\\/\\\/motorpor.pt\\\/\"},{\"@type\":\"ListItem\",\"position\":2,\"name\":\"Carros\",\"item\":\"https:\\\/\\\/motorpor.pt\\\/pesquisar\\\/\"},{\"@type\":\"ListItem\",\"position\":3,\"name\":\"Cyberster\"}]},{\"@type\":\"WebSite\",\"@id\":\"https:\\\/\\\/motorpor.pt\\\/#website\",\"url\":\"https:\\\/\\\/motorpor.pt\\\/\",\"name\":\"Motorpor\",\"description\":\"Comercio de Autom\u00f3veis Multimarcas\",\"publisher\":{\"@id\":\"https:\\\/\\\/motorpor.pt\\\/#organization\"},\"potentialAction\":[{\"@type\":\"SearchAction\",\"target\":{\"@type\":\"EntryPoint\",\"urlTemplate\":\"https:\\\/\\\/motorpor.pt\\\/?s={search_term_string}\"},\"query-input\":{\"@type\":\"PropertyValueSpecification\",\"valueRequired\":true,\"valueName\":\"search_term_string\"}}],\"inLanguage\":\"en-US\"},{\"@type\":\"Organization\",\"@id\":\"https:\\\/\\\/motorpor.pt\\\/#organization\",\"name\":\"Motorpor\",\"alternateName\":\"Motorpor\",\"url\":\"https:\\\/\\\/motorpor.pt\\\/\",\"logo\":{\"@type\":\"ImageObject\",\"inLanguage\":\"en-US\",\"@id\":\"https:\\\/\\\/motorpor.pt\\\/#\\\/schema\\\/logo\\\/image\\\/\",\"url\":\"https:\\\/\\\/motorpor.pt\\\/wp-content\\\/uploads\\\/2024\\\/07\\\/Logo-Motorpor-Preto.svg\",\"contentUrl\":\"https:\\\/\\\/motorpor.pt\\\/wp-content\\\/uploads\\\/2024\\\/07\\\/Logo-Motorpor-Preto.svg\",\"width\":493,\"height\":93,\"caption\":\"Motorpor\"},\"image\":{\"@id\":\"https:\\\/\\\/motorpor.pt\\\/#\\\/schema\\\/logo\\\/image\\\/\"},\"sameAs\":[\"https:\\\/\\\/www.linkedin.com\\\/company\\\/grupo-motorpor\"]}]}<\/script>\n<!-- \/ Yoast SEO plugin. -->","yoast_head_json":{"title":"Cyberster - Motorpor","robots":{"index":"index","follow":"follow","max-snippet":"max-snippet:-1","max-image-preview":"max-image-preview:large","max-video-preview":"max-video-preview:-1"},"canonical":"https:\/\/motorpor.pt\/en\/carros\/cyberster\/","og_locale":"en_US","og_type":"article","og_title":"Cyberster - Motorpor","og_description":"O Cyberster \u00e9 um tributo a quem desafia o convencional. Com linhas sofisticadas e uma silhueta aerodin\u00e2mica, cada detalhe foi projetado para combinar desempenho excecional e um estilo que n\u00e3o passa despercebido.","og_url":"https:\/\/motorpor.pt\/en\/carros\/cyberster\/","og_site_name":"Motorpor","article_modified_time":"2026-01-08T15:36:05+00:00","twitter_card":"summary_large_image","schema":{"@context":"https:\/\/schema.org","@graph":[{"@type":"WebPage","@id":"https:\/\/motorpor.pt\/carros\/cyberster\/","url":"https:\/\/motorpor.pt\/carros\/cyberster\/","name":"Cyberster - Motorpor","isPartOf":{"@id":"https:\/\/motorpor.pt\/#website"},"datePublished":"2024-12-10T12:28:31+00:00","dateModified":"2026-01-08T15:36:05+00:00","breadcrumb":{"@id":"https:\/\/motorpor.pt\/carros\/cyberster\/#breadcrumb"},"inLanguage":"en-US","potentialAction":[{"@type":"ReadAction","target":["https:\/\/motorpor.pt\/carros\/cyberster\/"]}]},{"@type":"BreadcrumbList","@id":"https:\/\/motorpor.pt\/carros\/cyberster\/#breadcrumb","itemListElement":[{"@type":"ListItem","position":1,"name":"In\u00edcio","item":"https:\/\/motorpor.pt\/"},{"@type":"ListItem","position":2,"name":"Carros","item":"https:\/\/motorpor.pt\/pesquisar\/"},{"@type":"ListItem","position":3,"name":"Cyberster"}]},{"@type":"WebSite","@id":"https:\/\/motorpor.pt\/#website","url":"https:\/\/motorpor.pt\/","name":"motorpor","description":"Comercio de Autom\u00f3veis Multimarcas","publisher":{"@id":"https:\/\/motorpor.pt\/#organization"},"potentialAction":[{"@type":"SearchAction","target":{"@type":"EntryPoint","urlTemplate":"https:\/\/motorpor.pt\/?s={search_term_string}"},"query-input":{"@type":"PropertyValueSpecification","valueRequired":true,"valueName":"search_term_string"}}],"inLanguage":"en-US"},{"@type":"Organization","@id":"https:\/\/motorpor.pt\/#organization","name":"motorpor","alternateName":"Motorpor","url":"https:\/\/motorpor.pt\/","logo":{"@type":"ImageObject","inLanguage":"en-US","@id":"https:\/\/motorpor.pt\/#\/schema\/logo\/image\/","url":"https:\/\/motorpor.pt\/wp-content\/uploads\/2024\/07\/Logo-Motorpor-Preto.svg","contentUrl":"https:\/\/motorpor.pt\/wp-content\/uploads\/2024\/07\/Logo-Motorpor-Preto.svg","width":493,"height":93,"caption":"Motorpor"},"image":{"@id":"https:\/\/motorpor.pt\/#\/schema\/logo\/image\/"},"sameAs":["https:\/\/www.linkedin.com\/company\/grupo-motorpor"]}]}},"vehica_21318":"340 77kWh Single Motor Trophy 2p Aut.","vehica_6656":{"vehica_currency_6656_2316":66497},"vehica_24691":{"vehica_currency_24691_2316":""},"vehica_21320":"","vehica_21319":"","vehica_21125":"0","vehica_21126":"2","vehica_21324":"340 CV","vehica_14696":"","vehica_21123":"","vehica_6664":"","vehica_6671":"","vehica_21148":"0 G\/KM","vehica_21147":"0 L\/100KM","vehica_6673":["https:\/\/motorpor.pt\/wp-content\/uploads\/2024\/12\/MG-CYBRO-224E1.jpg","https:\/\/motorpor.pt\/wp-content\/uploads\/2024\/12\/MG-CYBRO-224E1_E1.jpg"],"vehica_18820":[],"vehica_25894":"","vehica_25468":"","vehica_25495":"","vehica_25491":{"vehica_currency_25491_2316":""},"vehica_25485":{"vehica_currency_25485_2316":""},"vehica_25486":"","vehica_25487":"","vehica_25488":"","vehica_25489":{"vehica_currency_25489_2316":""},"vehica_25490":{"vehica_currency_25490_2316":""},"vehica_25492":{"vehica_currency_25492_2316":""},"vehica_25493":{"vehica_currency_25493_2316":""},"vehica_25494":{"vehica_currency_25494_2316":""},"vehica_25803":{"vehica_currency_25803_2316":""},"vehica_26852":"","vehica_70093":{"vehica_currency_70093_2316":""},"vehica_71305":{"vehica_currency_71305_2316":""},"_links":{"self":[{"href":"https:\/\/motorpor.pt\/en\/wp-json\/wp\/v2\/cars\/106037","targetHints":{"allow":["GET"]}}],"collection":[{"href":"https:\/\/motorpor.pt\/en\/wp-json\/wp\/v2\/cars"}],"about":[{"href":"https:\/\/motorpor.pt\/en\/wp-json\/wp\/v2\/types\/vehica_car"}],"author":[{"embeddable":true,"href":"https:\/\/motorpor.pt\/en\/wp-json\/wp\/v2\/users\/82"}],"wp:attachment":[{"href":"https:\/\/motorpor.pt\/en\/wp-json\/wp\/v2\/media?parent=106037"}],"wp:term":[{"taxonomy":"vehica_6654","embeddable":true,"href":"https:\/\/motorpor.pt\/en\/wp-json\/wp\/v2\/vehica_6654?post=106037"},{"taxonomy":"vehica_6659","embeddable":true,"href":"https:\/\/motorpor.pt\/en\/wp-json\/wp\/v2\/vehica_6659?post=106037"},{"taxonomy":"vehica_6660","embeddable":true,"href":"https:\/\/motorpor.pt\/en\/wp-json\/wp\/v2\/vehica_6660?post=106037"},{"taxonomy":"vehica_21091","embeddable":true,"href":"https:\/\/motorpor.pt\/en\/wp-json\/wp\/v2\/vehica_21091?post=106037"},{"taxonomy":"vehica_6662","embeddable":true,"href":"https:\/\/motorpor.pt\/en\/wp-json\/wp\/v2\/vehica_6662?post=106037"},{"taxonomy":"vehica_6666","embeddable":true,"href":"https:\/\/motorpor.pt\/en\/wp-json\/wp\/v2\/vehica_6666?post=106037"},{"taxonomy":"vehica_21323","embeddable":true,"href":"https:\/\/motorpor.pt\/en\/wp-json\/wp\/v2\/vehica_21323?post=106037"},{"taxonomy":"vehica_12770","embeddable":true,"href":"https:\/\/motorpor.pt\/en\/wp-json\/wp\/v2\/vehica_12770?post=106037"},{"taxonomy":"vehica_6663","embeddable":true,"href":"https:\/\/motorpor.pt\/en\/wp-json\/wp\/v2\/vehica_6663?post=106037"},{"taxonomy":"vehica_12974","embeddable":true,"href":"https:\/\/motorpor.pt\/en\/wp-json\/wp\/v2\/vehica_12974?post=106037"},{"taxonomy":"vehica_6670","embeddable":true,"href":"https:\/\/motorpor.pt\/en\/wp-json\/wp\/v2\/vehica_6670?post=106037"},{"taxonomy":"vehica_6657","embeddable":true,"href":"https:\/\/motorpor.pt\/en\/wp-json\/wp\/v2\/vehica_6657?post=106037"},{"taxonomy":"vehica_6655","embeddable":true,"href":"https:\/\/motorpor.pt\/en\/wp-json\/wp\/v2\/vehica_6655?post=106037"},{"taxonomy":"vehica_24503","embeddable":true,"href":"https:\/\/motorpor.pt\/en\/wp-json\/wp\/v2\/vehica_24503?post=106037"},{"taxonomy":"vehica_24693","embeddable":true,"href":"https:\/\/motorpor.pt\/en\/wp-json\/wp\/v2\/vehica_24693?post=106037"},{"taxonomy":"vehica_26462","embeddable":true,"href":"https:\/\/motorpor.pt\/en\/wp-json\/wp\/v2\/vehica_26462?post=106037"},{"taxonomy":"vehica_26860","embeddable":true,"href":"https:\/\/motorpor.pt\/en\/wp-json\/wp\/v2\/vehica_26860?post=106037"},{"taxonomy":"vehica_114400","embeddable":true,"href":"https:\/\/motorpor.pt\/en\/wp-json\/wp\/v2\/vehica_114400?post=106037"}],"curies":[{"name":"wp","href":"https:\/\/api.w.org\/{rel}","templated":true}]}}

<p>O Cyberster é um tributo a quem desafia o convencional. Com linhas sofisticadas e uma silhueta aerodinâmica, cada detalhe foi projetado para combinar desempenho excecional e um estilo que não passa despercebido.</p>

<!-- This site is optimized with the Yoast SEO plugin v27.5 - https://yoast.com/product/yoast-seo-wordpress/ -->
<title>Cyberster - Motorpor</title>
<meta name="robots" content="index, follow, max-snippet:-1, max-image-preview:large, max-video-preview:-1" />
<link rel="canonical" href="https://motorpor.pt/en/carros/cyberster/" />
<meta property="og:locale" content="en_US" />
<meta property="og:type" content="article" />
<meta property="og:title" content="Cyberster - Motorpor" />
<meta property="og:description" content="O Cyberster é um tributo a quem desafia o convencional. Com linhas sofisticadas e uma silhueta aerodinâmica, cada detalhe foi projetado para combinar desempenho excecional e um estilo que não passa despercebido." />
<meta property="og:url" content="https://motorpor.pt/en/carros/cyberster/" />
<meta property="og:site_name" content="Motorpor" />
<meta property="article:modified_time" content="2026-01-08T15:36:05+00:00" />
<meta name="twitter:card" content="summary_large_image" />
<script type="application/ld+json" class="yoast-schema-graph">{"@context":"https:\/\/schema.org","@graph":[{"@type":"WebPage","@id":"https:\/\/motorpor.pt\/carros\/cyberster\/","url":"https:\/\/motorpor.pt\/carros\/cyberster\/","name":"Cyberster - Motorpor","isPartOf":{"@id":"https:\/\/motorpor.pt\/#website"},"datePublished":"2024-12-10T12:28:31+00:00","dateModified":"2026-01-08T15:36:05+00:00","breadcrumb":{"@id":"https:\/\/motorpor.pt\/carros\/cyberster\/#breadcrumb"},"inLanguage":"en-US","potentialAction":[{"@type":"ReadAction","target":["https:\/\/motorpor.pt\/carros\/cyberster\/"]}]},{"@type":"BreadcrumbList","@id":"https:\/\/motorpor.pt\/carros\/cyberster\/#breadcrumb","itemListElement":[{"@type":"ListItem","position":1,"name":"Início","item":"https:\/\/motorpor.pt\/"},{"@type":"ListItem","position":2,"name":"Carros","item":"https:\/\/motorpor.pt\/pesquisar\/"},{"@type":"ListItem","position":3,"name":"Cyberster"}]},{"@type":"WebSite","@id":"https:\/\/motorpor.pt\/#website","url":"https:\/\/motorpor.pt\/","name":"Motorpor","description":"Comercio de Automóveis Multimarcas","publisher":{"@id":"https:\/\/motorpor.pt\/#organization"},"potentialAction":[{"@type":"SearchAction","target":{"@type":"EntryPoint","urlTemplate":"https:\/\/motorpor.pt\/?s={search_term_string}"},"query-input":{"@type":"PropertyValueSpecification","valueRequired":true,"valueName":"search_term_string"}}],"inLanguage":"en-US"},{"@type":"Organization","@id":"https:\/\/motorpor.pt\/#organization","name":"Motorpor","alternateName":"Motorpor","url":"https:\/\/motorpor.pt\/","logo":{"@type":"ImageObject","inLanguage":"en-US","@id":"https:\/\/motorpor.pt\/#\/schema\/logo\/image\/","url":"https:\/\/motorpor.pt\/wp-content\/uploads\/2024\/07\/Logo-Motorpor-Preto.svg","contentUrl":"https:\/\/motorpor.pt\/wp-content\/uploads\/2024\/07\/Logo-Motorpor-Preto.svg","width":493,"height":93,"caption":"Motorpor"},"image":{"@id":"https:\/\/motorpor.pt\/#\/schema\/logo\/image\/"},"sameAs":["https:\/\/www.linkedin.com\/company\/grupo-motorpor"]}]}</script>
<!-- / Yoast SEO plugin. -->

O Cyberster é um tributo a quem desafia o convencional. Com linhas sofisticadas e uma silhueta aerodinâmica, cada detalhe foi projetado para combinar desempenho excecional e um estilo que não passa despercebido.

Início

Comercio de Automóveis Multimarcas
