{"id":133062,"date":"2025-06-30T01:29:08","date_gmt":"2025-06-30T00:29:08","guid":{"rendered":"https:\/\/motorpor.pt\/?post_type=vehica_car&#038;p=133062"},"modified":"2025-06-30T01:29:08","modified_gmt":"2025-06-30T00:29:08","slug":"mazda-cx-60","status":"publish","type":"vehica_car","link":"https:\/\/motorpor.pt\/en\/carros\/mazda-cx-60\/","title":{"rendered":"Mazda CX-60"},"content":{"rendered":"<p>Preparado para o levar onde quer que o seu sentido de aventura o conduza, o Mazda CX\u201160 2025 foi agora aperfei\u00e7oado com uma gama de melhorias de condu\u00e7\u00e3o e manobrabilidade para uma din\u00e2mica de condu\u00e7\u00e3o ainda mais reativa. Elegante e sofisticado, \u00e9 uma refer\u00eancia da mestria na constru\u00e7\u00e3o japonesa. Da eleg\u00e2ncia do seu design Kodo, aos t\u00eaxteis japoneses cuidadosamente selecionados do interior, foram criados in\u00fameros detalhes cuidadosos para proporcionar uma experi\u00eancia de condu\u00e7\u00e3o incr\u00edvel.<\/p>","protected":false},"author":82,"featured_media":0,"template":"","vehica_6654":[2072],"vehica_6659":[2744],"vehica_6660":[3203],"vehica_21091":[],"vehica_6662":[2313],"vehica_6666":[],"vehica_21323":[],"vehica_12770":[2823],"vehica_6663":[2933,2488],"vehica_12974":[2402],"vehica_6670":[],"vehica_6657":[],"vehica_6655":[2840],"vehica_24503":[],"vehica_24693":[],"vehica_26462":[2681],"vehica_26860":[],"vehica_114400":[],"class_list":["post-133062","vehica_car","type-vehica_car","status-publish","hentry","vehica_6654-novos","vehica_6659-mazda","vehica_6660-cx-60","vehica_6662-automatica","vehica_12770-2823","vehica_6663-electrico","vehica_6663-gasolina","vehica_12974-2402","vehica_6655-suv-familiar","vehica_26462-stock"],"acf":[],"yoast_head":"<!-- This site is optimized with the Yoast SEO plugin v27.5 - https:\/\/yoast.com\/product\/yoast-seo-wordpress\/ -->\n<title>Mazda CX-60 - Motorpor<\/title>\n<meta name=\"robots\" content=\"index, follow, max-snippet:-1, max-image-preview:large, max-video-preview:-1\" \/>\n<link rel=\"canonical\" href=\"https:\/\/motorpor.pt\/en\/carros\/mazda-cx-60\/\" \/>\n<meta property=\"og:locale\" content=\"en_US\" \/>\n<meta property=\"og:type\" content=\"article\" \/>\n<meta property=\"og:title\" content=\"Mazda CX-60 - Motorpor\" \/>\n<meta property=\"og:description\" content=\"Preparado para o levar onde quer que o seu sentido de aventura o conduza, o Mazda CX\u201160 2025 foi agora aperfei\u00e7oado com uma gama de melhorias de condu\u00e7\u00e3o e manobrabilidade para uma din\u00e2mica de condu\u00e7\u00e3o ainda mais reativa. Elegante e sofisticado, \u00e9 uma refer\u00eancia da mestria na constru\u00e7\u00e3o japonesa. Da eleg\u00e2ncia do seu design Kodo, [&hellip;]\" \/>\n<meta property=\"og:url\" content=\"https:\/\/motorpor.pt\/en\/carros\/mazda-cx-60\/\" \/>\n<meta property=\"og:site_name\" content=\"Motorpor\" \/>\n<meta name=\"twitter:card\" content=\"summary_large_image\" \/>\n<script type=\"application\/ld+json\" class=\"yoast-schema-graph\">{\"@context\":\"https:\\\/\\\/schema.org\",\"@graph\":[{\"@type\":\"WebPage\",\"@id\":\"https:\\\/\\\/motorpor.pt\\\/carros\\\/mazda-cx-60\\\/\",\"url\":\"https:\\\/\\\/motorpor.pt\\\/carros\\\/mazda-cx-60\\\/\",\"name\":\"Mazda CX-60 - Motorpor\",\"isPartOf\":{\"@id\":\"https:\\\/\\\/motorpor.pt\\\/#website\"},\"datePublished\":\"2025-06-30T00:29:08+00:00\",\"breadcrumb\":{\"@id\":\"https:\\\/\\\/motorpor.pt\\\/carros\\\/mazda-cx-60\\\/#breadcrumb\"},\"inLanguage\":\"en-US\",\"potentialAction\":[{\"@type\":\"ReadAction\",\"target\":[\"https:\\\/\\\/motorpor.pt\\\/carros\\\/mazda-cx-60\\\/\"]}]},{\"@type\":\"BreadcrumbList\",\"@id\":\"https:\\\/\\\/motorpor.pt\\\/carros\\\/mazda-cx-60\\\/#breadcrumb\",\"itemListElement\":[{\"@type\":\"ListItem\",\"position\":1,\"name\":\"In\u00edcio\",\"item\":\"https:\\\/\\\/motorpor.pt\\\/\"},{\"@type\":\"ListItem\",\"position\":2,\"name\":\"Carros\",\"item\":\"https:\\\/\\\/motorpor.pt\\\/pesquisar\\\/\"},{\"@type\":\"ListItem\",\"position\":3,\"name\":\"Mazda CX-60\"}]},{\"@type\":\"WebSite\",\"@id\":\"https:\\\/\\\/motorpor.pt\\\/#website\",\"url\":\"https:\\\/\\\/motorpor.pt\\\/\",\"name\":\"Motorpor\",\"description\":\"Comercio de Autom\u00f3veis Multimarcas\",\"publisher\":{\"@id\":\"https:\\\/\\\/motorpor.pt\\\/#organization\"},\"potentialAction\":[{\"@type\":\"SearchAction\",\"target\":{\"@type\":\"EntryPoint\",\"urlTemplate\":\"https:\\\/\\\/motorpor.pt\\\/?s={search_term_string}\"},\"query-input\":{\"@type\":\"PropertyValueSpecification\",\"valueRequired\":true,\"valueName\":\"search_term_string\"}}],\"inLanguage\":\"en-US\"},{\"@type\":\"Organization\",\"@id\":\"https:\\\/\\\/motorpor.pt\\\/#organization\",\"name\":\"Motorpor\",\"alternateName\":\"Motorpor\",\"url\":\"https:\\\/\\\/motorpor.pt\\\/\",\"logo\":{\"@type\":\"ImageObject\",\"inLanguage\":\"en-US\",\"@id\":\"https:\\\/\\\/motorpor.pt\\\/#\\\/schema\\\/logo\\\/image\\\/\",\"url\":\"https:\\\/\\\/motorpor.pt\\\/wp-content\\\/uploads\\\/2024\\\/07\\\/Logo-Motorpor-Preto.svg\",\"contentUrl\":\"https:\\\/\\\/motorpor.pt\\\/wp-content\\\/uploads\\\/2024\\\/07\\\/Logo-Motorpor-Preto.svg\",\"width\":493,\"height\":93,\"caption\":\"Motorpor\"},\"image\":{\"@id\":\"https:\\\/\\\/motorpor.pt\\\/#\\\/schema\\\/logo\\\/image\\\/\"},\"sameAs\":[\"https:\\\/\\\/www.linkedin.com\\\/company\\\/grupo-motorpor\"]}]}<\/script>\n<!-- \/ Yoast SEO plugin. -->","yoast_head_json":{"title":"Mazda CX-60 - Motorpor","robots":{"index":"index","follow":"follow","max-snippet":"max-snippet:-1","max-image-preview":"max-image-preview:large","max-video-preview":"max-video-preview:-1"},"canonical":"https:\/\/motorpor.pt\/en\/carros\/mazda-cx-60\/","og_locale":"en_US","og_type":"article","og_title":"Mazda CX-60 - Motorpor","og_description":"Preparado para o levar onde quer que o seu sentido de aventura o conduza, o Mazda CX\u201160 2025 foi agora aperfei\u00e7oado com uma gama de melhorias de condu\u00e7\u00e3o e manobrabilidade para uma din\u00e2mica de condu\u00e7\u00e3o ainda mais reativa. Elegante e sofisticado, \u00e9 uma refer\u00eancia da mestria na constru\u00e7\u00e3o japonesa. Da eleg\u00e2ncia do seu design Kodo, [&hellip;]","og_url":"https:\/\/motorpor.pt\/en\/carros\/mazda-cx-60\/","og_site_name":"Motorpor","twitter_card":"summary_large_image","schema":{"@context":"https:\/\/schema.org","@graph":[{"@type":"WebPage","@id":"https:\/\/motorpor.pt\/carros\/mazda-cx-60\/","url":"https:\/\/motorpor.pt\/carros\/mazda-cx-60\/","name":"Mazda CX-60 - Motorpor","isPartOf":{"@id":"https:\/\/motorpor.pt\/#website"},"datePublished":"2025-06-30T00:29:08+00:00","breadcrumb":{"@id":"https:\/\/motorpor.pt\/carros\/mazda-cx-60\/#breadcrumb"},"inLanguage":"en-US","potentialAction":[{"@type":"ReadAction","target":["https:\/\/motorpor.pt\/carros\/mazda-cx-60\/"]}]},{"@type":"BreadcrumbList","@id":"https:\/\/motorpor.pt\/carros\/mazda-cx-60\/#breadcrumb","itemListElement":[{"@type":"ListItem","position":1,"name":"In\u00edcio","item":"https:\/\/motorpor.pt\/"},{"@type":"ListItem","position":2,"name":"Carros","item":"https:\/\/motorpor.pt\/pesquisar\/"},{"@type":"ListItem","position":3,"name":"Mazda CX-60"}]},{"@type":"WebSite","@id":"https:\/\/motorpor.pt\/#website","url":"https:\/\/motorpor.pt\/","name":"motorpor","description":"Comercio de Autom\u00f3veis Multimarcas","publisher":{"@id":"https:\/\/motorpor.pt\/#organization"},"potentialAction":[{"@type":"SearchAction","target":{"@type":"EntryPoint","urlTemplate":"https:\/\/motorpor.pt\/?s={search_term_string}"},"query-input":{"@type":"PropertyValueSpecification","valueRequired":true,"valueName":"search_term_string"}}],"inLanguage":"en-US"},{"@type":"Organization","@id":"https:\/\/motorpor.pt\/#organization","name":"motorpor","alternateName":"Motorpor","url":"https:\/\/motorpor.pt\/","logo":{"@type":"ImageObject","inLanguage":"en-US","@id":"https:\/\/motorpor.pt\/#\/schema\/logo\/image\/","url":"https:\/\/motorpor.pt\/wp-content\/uploads\/2024\/07\/Logo-Motorpor-Preto.svg","contentUrl":"https:\/\/motorpor.pt\/wp-content\/uploads\/2024\/07\/Logo-Motorpor-Preto.svg","width":493,"height":93,"caption":"Motorpor"},"image":{"@id":"https:\/\/motorpor.pt\/#\/schema\/logo\/image\/"},"sameAs":["https:\/\/www.linkedin.com\/company\/grupo-motorpor"]}]}},"vehica_21318":"PHEV 2.5L e-Skyactiv 327 Takumi COSO AWD 5p S\/S 8AT","vehica_6656":{"vehica_currency_6656_2316":70578.289999999993597157299518585205078125},"vehica_24691":{"vehica_currency_24691_2316":""},"vehica_21320":"","vehica_21319":"","vehica_21125":"2488","vehica_21126":"2","vehica_21324":"328","vehica_14696":"","vehica_21123":"","vehica_6664":"","vehica_6671":"","vehica_21148":"32","vehica_21147":"1.4","vehica_6673":["https:\/\/motorpor.pt\/wp-content\/uploads\/2025\/06\/MAZCX6UF-522E1.jpg","https:\/\/motorpor.pt\/wp-content\/uploads\/2025\/06\/MAZCX6UF-522E1_E1.jpg","https:\/\/motorpor.pt\/wp-content\/uploads\/2025\/06\/MAZCX6UF-522E1_I1.jpg","https:\/\/motorpor.pt\/wp-content\/uploads\/2025\/06\/MAZCX6UF-522E1_I2.jpg"],"vehica_18820":[],"vehica_25894":"","vehica_25468":"","vehica_25495":"","vehica_25491":{"vehica_currency_25491_2316":""},"vehica_25485":{"vehica_currency_25485_2316":""},"vehica_25486":"","vehica_25487":"","vehica_25488":"","vehica_25489":{"vehica_currency_25489_2316":""},"vehica_25490":{"vehica_currency_25490_2316":""},"vehica_25492":{"vehica_currency_25492_2316":""},"vehica_25493":{"vehica_currency_25493_2316":""},"vehica_25494":{"vehica_currency_25494_2316":""},"vehica_25803":{"vehica_currency_25803_2316":""},"vehica_26852":"3200","vehica_70093":{"vehica_currency_70093_2316":""},"vehica_71305":{"vehica_currency_71305_2316":""},"_links":{"self":[{"href":"https:\/\/motorpor.pt\/en\/wp-json\/wp\/v2\/cars\/133062","targetHints":{"allow":["GET"]}}],"collection":[{"href":"https:\/\/motorpor.pt\/en\/wp-json\/wp\/v2\/cars"}],"about":[{"href":"https:\/\/motorpor.pt\/en\/wp-json\/wp\/v2\/types\/vehica_car"}],"author":[{"embeddable":true,"href":"https:\/\/motorpor.pt\/en\/wp-json\/wp\/v2\/users\/82"}],"wp:attachment":[{"href":"https:\/\/motorpor.pt\/en\/wp-json\/wp\/v2\/media?parent=133062"}],"wp:term":[{"taxonomy":"vehica_6654","embeddable":true,"href":"https:\/\/motorpor.pt\/en\/wp-json\/wp\/v2\/vehica_6654?post=133062"},{"taxonomy":"vehica_6659","embeddable":true,"href":"https:\/\/motorpor.pt\/en\/wp-json\/wp\/v2\/vehica_6659?post=133062"},{"taxonomy":"vehica_6660","embeddable":true,"href":"https:\/\/motorpor.pt\/en\/wp-json\/wp\/v2\/vehica_6660?post=133062"},{"taxonomy":"vehica_21091","embeddable":true,"href":"https:\/\/motorpor.pt\/en\/wp-json\/wp\/v2\/vehica_21091?post=133062"},{"taxonomy":"vehica_6662","embeddable":true,"href":"https:\/\/motorpor.pt\/en\/wp-json\/wp\/v2\/vehica_6662?post=133062"},{"taxonomy":"vehica_6666","embeddable":true,"href":"https:\/\/motorpor.pt\/en\/wp-json\/wp\/v2\/vehica_6666?post=133062"},{"taxonomy":"vehica_21323","embeddable":true,"href":"https:\/\/motorpor.pt\/en\/wp-json\/wp\/v2\/vehica_21323?post=133062"},{"taxonomy":"vehica_12770","embeddable":true,"href":"https:\/\/motorpor.pt\/en\/wp-json\/wp\/v2\/vehica_12770?post=133062"},{"taxonomy":"vehica_6663","embeddable":true,"href":"https:\/\/motorpor.pt\/en\/wp-json\/wp\/v2\/vehica_6663?post=133062"},{"taxonomy":"vehica_12974","embeddable":true,"href":"https:\/\/motorpor.pt\/en\/wp-json\/wp\/v2\/vehica_12974?post=133062"},{"taxonomy":"vehica_6670","embeddable":true,"href":"https:\/\/motorpor.pt\/en\/wp-json\/wp\/v2\/vehica_6670?post=133062"},{"taxonomy":"vehica_6657","embeddable":true,"href":"https:\/\/motorpor.pt\/en\/wp-json\/wp\/v2\/vehica_6657?post=133062"},{"taxonomy":"vehica_6655","embeddable":true,"href":"https:\/\/motorpor.pt\/en\/wp-json\/wp\/v2\/vehica_6655?post=133062"},{"taxonomy":"vehica_24503","embeddable":true,"href":"https:\/\/motorpor.pt\/en\/wp-json\/wp\/v2\/vehica_24503?post=133062"},{"taxonomy":"vehica_24693","embeddable":true,"href":"https:\/\/motorpor.pt\/en\/wp-json\/wp\/v2\/vehica_24693?post=133062"},{"taxonomy":"vehica_26462","embeddable":true,"href":"https:\/\/motorpor.pt\/en\/wp-json\/wp\/v2\/vehica_26462?post=133062"},{"taxonomy":"vehica_26860","embeddable":true,"href":"https:\/\/motorpor.pt\/en\/wp-json\/wp\/v2\/vehica_26860?post=133062"},{"taxonomy":"vehica_114400","embeddable":true,"href":"https:\/\/motorpor.pt\/en\/wp-json\/wp\/v2\/vehica_114400?post=133062"}],"curies":[{"name":"wp","href":"https:\/\/api.w.org\/{rel}","templated":true}]}}

<p>Preparado para o levar onde quer que o seu sentido de aventura o conduza, o Mazda CX‑60 2025 foi agora aperfeiçoado com uma gama de melhorias de condução e manobrabilidade para uma dinâmica de condução ainda mais reativa. Elegante e sofisticado, é uma referência da mestria na construção japonesa. Da elegância do seu design Kodo, aos têxteis japoneses cuidadosamente selecionados do interior, foram criados inúmeros detalhes cuidadosos para proporcionar uma experiência de condução incrível.</p>

<!-- This site is optimized with the Yoast SEO plugin v27.5 - https://yoast.com/product/yoast-seo-wordpress/ -->
<title>Mazda CX-60 - Motorpor</title>
<meta name="robots" content="index, follow, max-snippet:-1, max-image-preview:large, max-video-preview:-1" />
<link rel="canonical" href="https://motorpor.pt/en/carros/mazda-cx-60/" />
<meta property="og:locale" content="en_US" />
<meta property="og:type" content="article" />
<meta property="og:title" content="Mazda CX-60 - Motorpor" />
<meta property="og:description" content="Preparado para o levar onde quer que o seu sentido de aventura o conduza, o Mazda CX‑60 2025 foi agora aperfeiçoado com uma gama de melhorias de condução e manobrabilidade para uma dinâmica de condução ainda mais reativa. Elegante e sofisticado, é uma referência da mestria na construção japonesa. Da elegância do seu design Kodo, [&hellip;]" />
<meta property="og:url" content="https://motorpor.pt/en/carros/mazda-cx-60/" />
<meta property="og:site_name" content="Motorpor" />
<meta name="twitter:card" content="summary_large_image" />
<script type="application/ld+json" class="yoast-schema-graph">{"@context":"https:\/\/schema.org","@graph":[{"@type":"WebPage","@id":"https:\/\/motorpor.pt\/carros\/mazda-cx-60\/","url":"https:\/\/motorpor.pt\/carros\/mazda-cx-60\/","name":"Mazda CX-60 - Motorpor","isPartOf":{"@id":"https:\/\/motorpor.pt\/#website"},"datePublished":"2025-06-30T00:29:08+00:00","breadcrumb":{"@id":"https:\/\/motorpor.pt\/carros\/mazda-cx-60\/#breadcrumb"},"inLanguage":"en-US","potentialAction":[{"@type":"ReadAction","target":["https:\/\/motorpor.pt\/carros\/mazda-cx-60\/"]}]},{"@type":"BreadcrumbList","@id":"https:\/\/motorpor.pt\/carros\/mazda-cx-60\/#breadcrumb","itemListElement":[{"@type":"ListItem","position":1,"name":"Início","item":"https:\/\/motorpor.pt\/"},{"@type":"ListItem","position":2,"name":"Carros","item":"https:\/\/motorpor.pt\/pesquisar\/"},{"@type":"ListItem","position":3,"name":"Mazda CX-60"}]},{"@type":"WebSite","@id":"https:\/\/motorpor.pt\/#website","url":"https:\/\/motorpor.pt\/","name":"Motorpor","description":"Comercio de Automóveis Multimarcas","publisher":{"@id":"https:\/\/motorpor.pt\/#organization"},"potentialAction":[{"@type":"SearchAction","target":{"@type":"EntryPoint","urlTemplate":"https:\/\/motorpor.pt\/?s={search_term_string}"},"query-input":{"@type":"PropertyValueSpecification","valueRequired":true,"valueName":"search_term_string"}}],"inLanguage":"en-US"},{"@type":"Organization","@id":"https:\/\/motorpor.pt\/#organization","name":"Motorpor","alternateName":"Motorpor","url":"https:\/\/motorpor.pt\/","logo":{"@type":"ImageObject","inLanguage":"en-US","@id":"https:\/\/motorpor.pt\/#\/schema\/logo\/image\/","url":"https:\/\/motorpor.pt\/wp-content\/uploads\/2024\/07\/Logo-Motorpor-Preto.svg","contentUrl":"https:\/\/motorpor.pt\/wp-content\/uploads\/2024\/07\/Logo-Motorpor-Preto.svg","width":493,"height":93,"caption":"Motorpor"},"image":{"@id":"https:\/\/motorpor.pt\/#\/schema\/logo\/image\/"},"sameAs":["https:\/\/www.linkedin.com\/company\/grupo-motorpor"]}]}</script>
<!-- / Yoast SEO plugin. -->

Preparado para o levar onde quer que o seu sentido de aventura o conduza, o Mazda CX‑60 2025 foi agora aperfeiçoado com uma gama de melhorias de condução e manobrabilidade para uma dinâmica de condução ainda mais reativa. Elegante e sofisticado, é uma referência da mestria na construção japonesa. Da elegância do seu design Kodo, [&hellip;]

Início

Comercio de Automóveis Multimarcas
