{"id":305340,"date":"2025-12-09T15:18:15","date_gmt":"2025-12-09T14:18:15","guid":{"rendered":"https:\/\/motorpor.pt\/?post_type=vehica_car&#038;p=305340"},"modified":"2025-12-09T15:18:15","modified_gmt":"2025-12-09T14:18:15","slug":"c5-aircross-2","status":"publish","type":"vehica_car","link":"https:\/\/motorpor.pt\/en\/carros\/c5-aircross-2\/","title":{"rendered":"C5 AIRCROSS"},"content":{"rendered":"<p>O SUV mais espa\u00e7oso, confort\u00e1vel e tecnol\u00f3gico que a Citroen alguma vez construiu, agora at\u00e9 680km de autonomia el\u00e9trica.\u00a0<\/p>","protected":false},"author":82,"featured_media":0,"template":"","vehica_6654":[2072],"vehica_6659":[2481],"vehica_6660":[2507],"vehica_21091":[3306],"vehica_6662":[2872],"vehica_6666":[],"vehica_21323":[],"vehica_12770":[2823],"vehica_6663":[2797],"vehica_12974":[2810],"vehica_6670":[],"vehica_6657":[],"vehica_6655":[2840],"vehica_24503":[],"vehica_24693":[],"vehica_26462":[],"vehica_26860":[],"vehica_114400":[],"class_list":["post-305340","vehica_car","type-vehica_car","status-publish","hentry","vehica_6654-novos","vehica_6659-citroen","vehica_6660-c5-aircross","vehica_21091-hybrid-1-2-145-48v-you-5p-aut","vehica_6662-manual-robotizada","vehica_12770-2823","vehica_6663-hibrido-gasolina-electrico","vehica_12974-2810","vehica_6655-suv-familiar"],"acf":[],"yoast_head":"<!-- This site is optimized with the Yoast SEO plugin v27.5 - https:\/\/yoast.com\/product\/yoast-seo-wordpress\/ -->\n<title>C5 AIRCROSS - Motorpor<\/title>\n<meta name=\"robots\" content=\"index, follow, max-snippet:-1, max-image-preview:large, max-video-preview:-1\" \/>\n<link rel=\"canonical\" href=\"https:\/\/motorpor.pt\/en\/carros\/c5-aircross-2\/\" \/>\n<meta property=\"og:locale\" content=\"en_US\" \/>\n<meta property=\"og:type\" content=\"article\" \/>\n<meta property=\"og:title\" content=\"C5 AIRCROSS - Motorpor\" \/>\n<meta property=\"og:description\" content=\"O SUV mais espa\u00e7oso, confort\u00e1vel e tecnol\u00f3gico que a Citroen alguma vez construiu, agora at\u00e9 680km de autonomia el\u00e9trica.\u00a0\" \/>\n<meta property=\"og:url\" content=\"https:\/\/motorpor.pt\/en\/carros\/c5-aircross-2\/\" \/>\n<meta property=\"og:site_name\" content=\"Motorpor\" \/>\n<meta name=\"twitter:card\" content=\"summary_large_image\" \/>\n<script type=\"application\/ld+json\" class=\"yoast-schema-graph\">{\"@context\":\"https:\\\/\\\/schema.org\",\"@graph\":[{\"@type\":\"WebPage\",\"@id\":\"https:\\\/\\\/motorpor.pt\\\/carros\\\/c5-aircross-2\\\/\",\"url\":\"https:\\\/\\\/motorpor.pt\\\/carros\\\/c5-aircross-2\\\/\",\"name\":\"C5 AIRCROSS - Motorpor\",\"isPartOf\":{\"@id\":\"https:\\\/\\\/motorpor.pt\\\/#website\"},\"datePublished\":\"2025-12-09T14:18:15+00:00\",\"breadcrumb\":{\"@id\":\"https:\\\/\\\/motorpor.pt\\\/carros\\\/c5-aircross-2\\\/#breadcrumb\"},\"inLanguage\":\"en-US\",\"potentialAction\":[{\"@type\":\"ReadAction\",\"target\":[\"https:\\\/\\\/motorpor.pt\\\/carros\\\/c5-aircross-2\\\/\"]}]},{\"@type\":\"BreadcrumbList\",\"@id\":\"https:\\\/\\\/motorpor.pt\\\/carros\\\/c5-aircross-2\\\/#breadcrumb\",\"itemListElement\":[{\"@type\":\"ListItem\",\"position\":1,\"name\":\"In\u00edcio\",\"item\":\"https:\\\/\\\/motorpor.pt\\\/\"},{\"@type\":\"ListItem\",\"position\":2,\"name\":\"Carros\",\"item\":\"https:\\\/\\\/motorpor.pt\\\/pesquisar\\\/\"},{\"@type\":\"ListItem\",\"position\":3,\"name\":\"C5 AIRCROSS\"}]},{\"@type\":\"WebSite\",\"@id\":\"https:\\\/\\\/motorpor.pt\\\/#website\",\"url\":\"https:\\\/\\\/motorpor.pt\\\/\",\"name\":\"Motorpor\",\"description\":\"Comercio de Autom\u00f3veis Multimarcas\",\"publisher\":{\"@id\":\"https:\\\/\\\/motorpor.pt\\\/#organization\"},\"potentialAction\":[{\"@type\":\"SearchAction\",\"target\":{\"@type\":\"EntryPoint\",\"urlTemplate\":\"https:\\\/\\\/motorpor.pt\\\/?s={search_term_string}\"},\"query-input\":{\"@type\":\"PropertyValueSpecification\",\"valueRequired\":true,\"valueName\":\"search_term_string\"}}],\"inLanguage\":\"en-US\"},{\"@type\":\"Organization\",\"@id\":\"https:\\\/\\\/motorpor.pt\\\/#organization\",\"name\":\"Motorpor\",\"alternateName\":\"Motorpor\",\"url\":\"https:\\\/\\\/motorpor.pt\\\/\",\"logo\":{\"@type\":\"ImageObject\",\"inLanguage\":\"en-US\",\"@id\":\"https:\\\/\\\/motorpor.pt\\\/#\\\/schema\\\/logo\\\/image\\\/\",\"url\":\"https:\\\/\\\/motorpor.pt\\\/wp-content\\\/uploads\\\/2024\\\/07\\\/Logo-Motorpor-Preto.svg\",\"contentUrl\":\"https:\\\/\\\/motorpor.pt\\\/wp-content\\\/uploads\\\/2024\\\/07\\\/Logo-Motorpor-Preto.svg\",\"width\":493,\"height\":93,\"caption\":\"Motorpor\"},\"image\":{\"@id\":\"https:\\\/\\\/motorpor.pt\\\/#\\\/schema\\\/logo\\\/image\\\/\"},\"sameAs\":[\"https:\\\/\\\/www.linkedin.com\\\/company\\\/grupo-motorpor\"]}]}<\/script>\n<!-- \/ Yoast SEO plugin. -->","yoast_head_json":{"title":"C5 AIRCROSS - Motorpor","robots":{"index":"index","follow":"follow","max-snippet":"max-snippet:-1","max-image-preview":"max-image-preview:large","max-video-preview":"max-video-preview:-1"},"canonical":"https:\/\/motorpor.pt\/en\/carros\/c5-aircross-2\/","og_locale":"en_US","og_type":"article","og_title":"C5 AIRCROSS - Motorpor","og_description":"O SUV mais espa\u00e7oso, confort\u00e1vel e tecnol\u00f3gico que a Citroen alguma vez construiu, agora at\u00e9 680km de autonomia el\u00e9trica.\u00a0","og_url":"https:\/\/motorpor.pt\/en\/carros\/c5-aircross-2\/","og_site_name":"Motorpor","twitter_card":"summary_large_image","schema":{"@context":"https:\/\/schema.org","@graph":[{"@type":"WebPage","@id":"https:\/\/motorpor.pt\/carros\/c5-aircross-2\/","url":"https:\/\/motorpor.pt\/carros\/c5-aircross-2\/","name":"C5 AIRCROSS - Motorpor","isPartOf":{"@id":"https:\/\/motorpor.pt\/#website"},"datePublished":"2025-12-09T14:18:15+00:00","breadcrumb":{"@id":"https:\/\/motorpor.pt\/carros\/c5-aircross-2\/#breadcrumb"},"inLanguage":"en-US","potentialAction":[{"@type":"ReadAction","target":["https:\/\/motorpor.pt\/carros\/c5-aircross-2\/"]}]},{"@type":"BreadcrumbList","@id":"https:\/\/motorpor.pt\/carros\/c5-aircross-2\/#breadcrumb","itemListElement":[{"@type":"ListItem","position":1,"name":"In\u00edcio","item":"https:\/\/motorpor.pt\/"},{"@type":"ListItem","position":2,"name":"Carros","item":"https:\/\/motorpor.pt\/pesquisar\/"},{"@type":"ListItem","position":3,"name":"C5 AIRCROSS"}]},{"@type":"WebSite","@id":"https:\/\/motorpor.pt\/#website","url":"https:\/\/motorpor.pt\/","name":"motorpor","description":"Comercio de Autom\u00f3veis Multimarcas","publisher":{"@id":"https:\/\/motorpor.pt\/#organization"},"potentialAction":[{"@type":"SearchAction","target":{"@type":"EntryPoint","urlTemplate":"https:\/\/motorpor.pt\/?s={search_term_string}"},"query-input":{"@type":"PropertyValueSpecification","valueRequired":true,"valueName":"search_term_string"}}],"inLanguage":"en-US"},{"@type":"Organization","@id":"https:\/\/motorpor.pt\/#organization","name":"motorpor","alternateName":"Motorpor","url":"https:\/\/motorpor.pt\/","logo":{"@type":"ImageObject","inLanguage":"en-US","@id":"https:\/\/motorpor.pt\/#\/schema\/logo\/image\/","url":"https:\/\/motorpor.pt\/wp-content\/uploads\/2024\/07\/Logo-Motorpor-Preto.svg","contentUrl":"https:\/\/motorpor.pt\/wp-content\/uploads\/2024\/07\/Logo-Motorpor-Preto.svg","width":493,"height":93,"caption":"Motorpor"},"image":{"@id":"https:\/\/motorpor.pt\/#\/schema\/logo\/image\/"},"sameAs":["https:\/\/www.linkedin.com\/company\/grupo-motorpor"]}]}},"vehica_21318":"","vehica_6656":{"vehica_currency_6656_2316":33483.41000000000349245965480804443359375},"vehica_24691":{"vehica_currency_24691_2316":""},"vehica_21320":"","vehica_21319":"","vehica_21125":"1199","vehica_21126":"5","vehica_21324":"136","vehica_14696":"","vehica_21123":"","vehica_6664":"","vehica_6671":"","vehica_21148":"121","vehica_21147":"5,4","vehica_6673":["https:\/\/motorpor.pt\/wp-content\/uploads\/2025\/12\/CITC5ACRS525E1.jpg","https:\/\/motorpor.pt\/wp-content\/uploads\/2025\/12\/CITC5ACRS525E1_E1.jpg","https:\/\/motorpor.pt\/wp-content\/uploads\/2025\/12\/CITC5ACRS525E1_I2.jpg","https:\/\/motorpor.pt\/wp-content\/uploads\/2025\/12\/CITC5ACRS525E1_I1.jpg"],"vehica_18820":[],"vehica_25894":"","vehica_25468":"","vehica_25495":"","vehica_25491":{"vehica_currency_25491_2316":""},"vehica_25485":{"vehica_currency_25485_2316":""},"vehica_25486":"","vehica_25487":"","vehica_25488":"","vehica_25489":{"vehica_currency_25489_2316":""},"vehica_25490":{"vehica_currency_25490_2316":""},"vehica_25492":{"vehica_currency_25492_2316":""},"vehica_25493":{"vehica_currency_25493_2316":""},"vehica_25494":{"vehica_currency_25494_2316":""},"vehica_25803":{"vehica_currency_25803_2316":""},"vehica_26852":"1019","vehica_70093":{"vehica_currency_70093_2316":""},"vehica_71305":{"vehica_currency_71305_2316":""},"_links":{"self":[{"href":"https:\/\/motorpor.pt\/en\/wp-json\/wp\/v2\/cars\/305340","targetHints":{"allow":["GET"]}}],"collection":[{"href":"https:\/\/motorpor.pt\/en\/wp-json\/wp\/v2\/cars"}],"about":[{"href":"https:\/\/motorpor.pt\/en\/wp-json\/wp\/v2\/types\/vehica_car"}],"author":[{"embeddable":true,"href":"https:\/\/motorpor.pt\/en\/wp-json\/wp\/v2\/users\/82"}],"wp:attachment":[{"href":"https:\/\/motorpor.pt\/en\/wp-json\/wp\/v2\/media?parent=305340"}],"wp:term":[{"taxonomy":"vehica_6654","embeddable":true,"href":"https:\/\/motorpor.pt\/en\/wp-json\/wp\/v2\/vehica_6654?post=305340"},{"taxonomy":"vehica_6659","embeddable":true,"href":"https:\/\/motorpor.pt\/en\/wp-json\/wp\/v2\/vehica_6659?post=305340"},{"taxonomy":"vehica_6660","embeddable":true,"href":"https:\/\/motorpor.pt\/en\/wp-json\/wp\/v2\/vehica_6660?post=305340"},{"taxonomy":"vehica_21091","embeddable":true,"href":"https:\/\/motorpor.pt\/en\/wp-json\/wp\/v2\/vehica_21091?post=305340"},{"taxonomy":"vehica_6662","embeddable":true,"href":"https:\/\/motorpor.pt\/en\/wp-json\/wp\/v2\/vehica_6662?post=305340"},{"taxonomy":"vehica_6666","embeddable":true,"href":"https:\/\/motorpor.pt\/en\/wp-json\/wp\/v2\/vehica_6666?post=305340"},{"taxonomy":"vehica_21323","embeddable":true,"href":"https:\/\/motorpor.pt\/en\/wp-json\/wp\/v2\/vehica_21323?post=305340"},{"taxonomy":"vehica_12770","embeddable":true,"href":"https:\/\/motorpor.pt\/en\/wp-json\/wp\/v2\/vehica_12770?post=305340"},{"taxonomy":"vehica_6663","embeddable":true,"href":"https:\/\/motorpor.pt\/en\/wp-json\/wp\/v2\/vehica_6663?post=305340"},{"taxonomy":"vehica_12974","embeddable":true,"href":"https:\/\/motorpor.pt\/en\/wp-json\/wp\/v2\/vehica_12974?post=305340"},{"taxonomy":"vehica_6670","embeddable":true,"href":"https:\/\/motorpor.pt\/en\/wp-json\/wp\/v2\/vehica_6670?post=305340"},{"taxonomy":"vehica_6657","embeddable":true,"href":"https:\/\/motorpor.pt\/en\/wp-json\/wp\/v2\/vehica_6657?post=305340"},{"taxonomy":"vehica_6655","embeddable":true,"href":"https:\/\/motorpor.pt\/en\/wp-json\/wp\/v2\/vehica_6655?post=305340"},{"taxonomy":"vehica_24503","embeddable":true,"href":"https:\/\/motorpor.pt\/en\/wp-json\/wp\/v2\/vehica_24503?post=305340"},{"taxonomy":"vehica_24693","embeddable":true,"href":"https:\/\/motorpor.pt\/en\/wp-json\/wp\/v2\/vehica_24693?post=305340"},{"taxonomy":"vehica_26462","embeddable":true,"href":"https:\/\/motorpor.pt\/en\/wp-json\/wp\/v2\/vehica_26462?post=305340"},{"taxonomy":"vehica_26860","embeddable":true,"href":"https:\/\/motorpor.pt\/en\/wp-json\/wp\/v2\/vehica_26860?post=305340"},{"taxonomy":"vehica_114400","embeddable":true,"href":"https:\/\/motorpor.pt\/en\/wp-json\/wp\/v2\/vehica_114400?post=305340"}],"curies":[{"name":"wp","href":"https:\/\/api.w.org\/{rel}","templated":true}]}}

<p>O SUV mais espaçoso, confortável e tecnológico que a Citroen alguma vez construiu, agora até 680km de autonomia elétrica. </p>

<!-- This site is optimized with the Yoast SEO plugin v27.5 - https://yoast.com/product/yoast-seo-wordpress/ -->
<title>C5 AIRCROSS - Motorpor</title>
<meta name="robots" content="index, follow, max-snippet:-1, max-image-preview:large, max-video-preview:-1" />
<link rel="canonical" href="https://motorpor.pt/en/carros/c5-aircross-2/" />
<meta property="og:locale" content="en_US" />
<meta property="og:type" content="article" />
<meta property="og:title" content="C5 AIRCROSS - Motorpor" />
<meta property="og:description" content="O SUV mais espaçoso, confortável e tecnológico que a Citroen alguma vez construiu, agora até 680km de autonomia elétrica. " />
<meta property="og:url" content="https://motorpor.pt/en/carros/c5-aircross-2/" />
<meta property="og:site_name" content="Motorpor" />
<meta name="twitter:card" content="summary_large_image" />
<script type="application/ld+json" class="yoast-schema-graph">{"@context":"https:\/\/schema.org","@graph":[{"@type":"WebPage","@id":"https:\/\/motorpor.pt\/carros\/c5-aircross-2\/","url":"https:\/\/motorpor.pt\/carros\/c5-aircross-2\/","name":"C5 AIRCROSS - Motorpor","isPartOf":{"@id":"https:\/\/motorpor.pt\/#website"},"datePublished":"2025-12-09T14:18:15+00:00","breadcrumb":{"@id":"https:\/\/motorpor.pt\/carros\/c5-aircross-2\/#breadcrumb"},"inLanguage":"en-US","potentialAction":[{"@type":"ReadAction","target":["https:\/\/motorpor.pt\/carros\/c5-aircross-2\/"]}]},{"@type":"BreadcrumbList","@id":"https:\/\/motorpor.pt\/carros\/c5-aircross-2\/#breadcrumb","itemListElement":[{"@type":"ListItem","position":1,"name":"Início","item":"https:\/\/motorpor.pt\/"},{"@type":"ListItem","position":2,"name":"Carros","item":"https:\/\/motorpor.pt\/pesquisar\/"},{"@type":"ListItem","position":3,"name":"C5 AIRCROSS"}]},{"@type":"WebSite","@id":"https:\/\/motorpor.pt\/#website","url":"https:\/\/motorpor.pt\/","name":"Motorpor","description":"Comercio de Automóveis Multimarcas","publisher":{"@id":"https:\/\/motorpor.pt\/#organization"},"potentialAction":[{"@type":"SearchAction","target":{"@type":"EntryPoint","urlTemplate":"https:\/\/motorpor.pt\/?s={search_term_string}"},"query-input":{"@type":"PropertyValueSpecification","valueRequired":true,"valueName":"search_term_string"}}],"inLanguage":"en-US"},{"@type":"Organization","@id":"https:\/\/motorpor.pt\/#organization","name":"Motorpor","alternateName":"Motorpor","url":"https:\/\/motorpor.pt\/","logo":{"@type":"ImageObject","inLanguage":"en-US","@id":"https:\/\/motorpor.pt\/#\/schema\/logo\/image\/","url":"https:\/\/motorpor.pt\/wp-content\/uploads\/2024\/07\/Logo-Motorpor-Preto.svg","contentUrl":"https:\/\/motorpor.pt\/wp-content\/uploads\/2024\/07\/Logo-Motorpor-Preto.svg","width":493,"height":93,"caption":"Motorpor"},"image":{"@id":"https:\/\/motorpor.pt\/#\/schema\/logo\/image\/"},"sameAs":["https:\/\/www.linkedin.com\/company\/grupo-motorpor"]}]}</script>
<!-- / Yoast SEO plugin. -->

O SUV mais espaçoso, confortável e tecnológico que a Citroen alguma vez construiu, agora até 680km de autonomia elétrica.

Início

Comercio de Automóveis Multimarcas
