{"id":410402,"date":"2026-01-20T12:48:44","date_gmt":"2026-01-20T11:48:44","guid":{"rendered":"https:\/\/motorpor.pt\/?post_type=vehica_car&#038;p=410402"},"modified":"2026-01-20T12:48:45","modified_gmt":"2026-01-20T11:48:45","slug":"novo-308","status":"publish","type":"vehica_car","link":"https:\/\/motorpor.pt\/fr\/carros\/novo-308\/","title":{"rendered":"Novo 308"},"content":{"rendered":"<p class=\"MsoNormal\">Com uma nova frente iluminada, jantes exclusivas e cores arrojadas, o Novo PEUGEOT 308 afirma um design moderno e marcante, fiel ao ADN da marca do Le\u00e3o.<\/p>\n<p class=\"MsoListParagraphCxSpFirst\" style=\"text-indent: -18.0pt\"><!-- [if !supportLists]--><span style=\"font-family: Symbol\"><span>\u00b7<span style=\"font: 7.0pt 'Times New Roman'\">\u00a0\u00a0\u00a0\u00a0\u00a0\u00a0 <\/span><\/span><\/span><!--[endif]-->No interior, o PEUGEOT i-Cockpit\u00ae envolve o condutor numa experi\u00eancia de condu\u00e7\u00e3o intuitiva e personalizada, com volante compacto, painel digital e comandos ergon\u00f3micos, pensados para maximizar o conforto e o prazer ao volante.<\/p>\n<p class=\"MsoListParagraphCxSpLast\" style=\"text-indent: -18.0pt\"><!-- [if !supportLists]--><span style=\"font-family: Symbol\"><span>\u00b7<span style=\"font: 7.0pt 'Times New Roman'\">\u00a0\u00a0\u00a0\u00a0\u00a0\u00a0 <\/span><\/span><\/span><!--[endif]-->A bordo, o Novo 308 oferece um interior acolhedor, espa\u00e7o generoso para todos os ocupantes e uma bagageira at\u00e9 412 litros (ou 314 litros na vers\u00e3o h\u00edbrida plug-in), garantindo versatilidade para o dia a dia.<\/p>\n","protected":false},"author":82,"featured_media":0,"template":"","vehica_6654":[2072],"vehica_6659":[2478],"vehica_6660":[2786],"vehica_21091":[3340],"vehica_6662":[2872],"vehica_6666":[],"vehica_21323":[],"vehica_12770":[2504],"vehica_6663":[3112],"vehica_12974":[2810],"vehica_6670":[],"vehica_6657":[],"vehica_6655":[2626],"vehica_24503":[],"vehica_24693":[],"vehica_26462":[],"vehica_26860":[],"vehica_114400":[],"class_list":["post-410402","vehica_car","type-vehica_car","status-publish","hentry","vehica_6654-novos","vehica_6659-peugeot","vehica_6660-2786","vehica_21091-hybrid","vehica_6662-manual-robotizada","vehica_12770-5-portas","vehica_6663-microhibrido-gasolina-electrico","vehica_12974-2810","vehica_6655-compacto"],"acf":[],"yoast_head":"<!-- This site is optimized with the Yoast SEO plugin v27.5 - https:\/\/yoast.com\/product\/yoast-seo-wordpress\/ -->\n<title>Novo 308 - Motorpor<\/title>\n<meta name=\"robots\" content=\"index, follow, max-snippet:-1, max-image-preview:large, max-video-preview:-1\" \/>\n<link rel=\"canonical\" href=\"https:\/\/motorpor.pt\/fr\/carros\/novo-308\/\" \/>\n<meta property=\"og:locale\" content=\"fr_FR\" \/>\n<meta property=\"og:type\" content=\"article\" \/>\n<meta property=\"og:title\" content=\"Novo 308 - Motorpor\" \/>\n<meta property=\"og:description\" content=\"Com uma nova frente iluminada, jantes exclusivas e cores arrojadas, o Novo PEUGEOT 308 afirma um design moderno e marcante, fiel ao ADN da marca do Le\u00e3o. \u00b7\u00a0\u00a0\u00a0\u00a0\u00a0\u00a0 No interior, o PEUGEOT i-Cockpit\u00ae envolve o condutor numa experi\u00eancia de condu\u00e7\u00e3o intuitiva e personalizada, com volante compacto, painel digital e comandos ergon\u00f3micos, pensados para maximizar o [&hellip;]\" \/>\n<meta property=\"og:url\" content=\"https:\/\/motorpor.pt\/fr\/carros\/novo-308\/\" \/>\n<meta property=\"og:site_name\" content=\"Motorpor\" \/>\n<meta property=\"article:modified_time\" content=\"2026-01-20T11:48:45+00:00\" \/>\n<meta name=\"twitter:card\" content=\"summary_large_image\" \/>\n<script type=\"application\/ld+json\" class=\"yoast-schema-graph\">{\"@context\":\"https:\\\/\\\/schema.org\",\"@graph\":[{\"@type\":\"WebPage\",\"@id\":\"https:\\\/\\\/motorpor.pt\\\/carros\\\/novo-308\\\/\",\"url\":\"https:\\\/\\\/motorpor.pt\\\/carros\\\/novo-308\\\/\",\"name\":\"Novo 308 - Motorpor\",\"isPartOf\":{\"@id\":\"https:\\\/\\\/motorpor.pt\\\/#website\"},\"datePublished\":\"2026-01-20T11:48:44+00:00\",\"dateModified\":\"2026-01-20T11:48:45+00:00\",\"breadcrumb\":{\"@id\":\"https:\\\/\\\/motorpor.pt\\\/carros\\\/novo-308\\\/#breadcrumb\"},\"inLanguage\":\"fr-FR\",\"potentialAction\":[{\"@type\":\"ReadAction\",\"target\":[\"https:\\\/\\\/motorpor.pt\\\/carros\\\/novo-308\\\/\"]}]},{\"@type\":\"BreadcrumbList\",\"@id\":\"https:\\\/\\\/motorpor.pt\\\/carros\\\/novo-308\\\/#breadcrumb\",\"itemListElement\":[{\"@type\":\"ListItem\",\"position\":1,\"name\":\"In\u00edcio\",\"item\":\"https:\\\/\\\/motorpor.pt\\\/\"},{\"@type\":\"ListItem\",\"position\":2,\"name\":\"Carros\",\"item\":\"https:\\\/\\\/motorpor.pt\\\/pesquisar\\\/\"},{\"@type\":\"ListItem\",\"position\":3,\"name\":\"Novo 308\"}]},{\"@type\":\"WebSite\",\"@id\":\"https:\\\/\\\/motorpor.pt\\\/#website\",\"url\":\"https:\\\/\\\/motorpor.pt\\\/\",\"name\":\"Motorpor\",\"description\":\"Comercio de Autom\u00f3veis Multimarcas\",\"publisher\":{\"@id\":\"https:\\\/\\\/motorpor.pt\\\/#organization\"},\"potentialAction\":[{\"@type\":\"SearchAction\",\"target\":{\"@type\":\"EntryPoint\",\"urlTemplate\":\"https:\\\/\\\/motorpor.pt\\\/?s={search_term_string}\"},\"query-input\":{\"@type\":\"PropertyValueSpecification\",\"valueRequired\":true,\"valueName\":\"search_term_string\"}}],\"inLanguage\":\"fr-FR\"},{\"@type\":\"Organization\",\"@id\":\"https:\\\/\\\/motorpor.pt\\\/#organization\",\"name\":\"Motorpor\",\"alternateName\":\"Motorpor\",\"url\":\"https:\\\/\\\/motorpor.pt\\\/\",\"logo\":{\"@type\":\"ImageObject\",\"inLanguage\":\"fr-FR\",\"@id\":\"https:\\\/\\\/motorpor.pt\\\/#\\\/schema\\\/logo\\\/image\\\/\",\"url\":\"https:\\\/\\\/motorpor.pt\\\/wp-content\\\/uploads\\\/2024\\\/07\\\/Logo-Motorpor-Preto.svg\",\"contentUrl\":\"https:\\\/\\\/motorpor.pt\\\/wp-content\\\/uploads\\\/2024\\\/07\\\/Logo-Motorpor-Preto.svg\",\"width\":493,\"height\":93,\"caption\":\"Motorpor\"},\"image\":{\"@id\":\"https:\\\/\\\/motorpor.pt\\\/#\\\/schema\\\/logo\\\/image\\\/\"},\"sameAs\":[\"https:\\\/\\\/www.linkedin.com\\\/company\\\/grupo-motorpor\"]}]}<\/script>\n<!-- \/ Yoast SEO plugin. -->","yoast_head_json":{"title":"Novo 308 - Motorpor","robots":{"index":"index","follow":"follow","max-snippet":"max-snippet:-1","max-image-preview":"max-image-preview:large","max-video-preview":"max-video-preview:-1"},"canonical":"https:\/\/motorpor.pt\/fr\/carros\/novo-308\/","og_locale":"fr_FR","og_type":"article","og_title":"Novo 308 - Motorpor","og_description":"Com uma nova frente iluminada, jantes exclusivas e cores arrojadas, o Novo PEUGEOT 308 afirma um design moderno e marcante, fiel ao ADN da marca do Le\u00e3o. \u00b7\u00a0\u00a0\u00a0\u00a0\u00a0\u00a0 No interior, o PEUGEOT i-Cockpit\u00ae envolve o condutor numa experi\u00eancia de condu\u00e7\u00e3o intuitiva e personalizada, com volante compacto, painel digital e comandos ergon\u00f3micos, pensados para maximizar o [&hellip;]","og_url":"https:\/\/motorpor.pt\/fr\/carros\/novo-308\/","og_site_name":"Motorpor","article_modified_time":"2026-01-20T11:48:45+00:00","twitter_card":"summary_large_image","schema":{"@context":"https:\/\/schema.org","@graph":[{"@type":"WebPage","@id":"https:\/\/motorpor.pt\/carros\/novo-308\/","url":"https:\/\/motorpor.pt\/carros\/novo-308\/","name":"Novo 308 - Motorpor","isPartOf":{"@id":"https:\/\/motorpor.pt\/#website"},"datePublished":"2026-01-20T11:48:44+00:00","dateModified":"2026-01-20T11:48:45+00:00","breadcrumb":{"@id":"https:\/\/motorpor.pt\/carros\/novo-308\/#breadcrumb"},"inLanguage":"fr-FR","potentialAction":[{"@type":"ReadAction","target":["https:\/\/motorpor.pt\/carros\/novo-308\/"]}]},{"@type":"BreadcrumbList","@id":"https:\/\/motorpor.pt\/carros\/novo-308\/#breadcrumb","itemListElement":[{"@type":"ListItem","position":1,"name":"In\u00edcio","item":"https:\/\/motorpor.pt\/"},{"@type":"ListItem","position":2,"name":"Carros","item":"https:\/\/motorpor.pt\/pesquisar\/"},{"@type":"ListItem","position":3,"name":"Novo 308"}]},{"@type":"WebSite","@id":"https:\/\/motorpor.pt\/#website","url":"https:\/\/motorpor.pt\/","name":"motorpor","description":"Comercio de Autom\u00f3veis Multimarcas","publisher":{"@id":"https:\/\/motorpor.pt\/#organization"},"potentialAction":[{"@type":"SearchAction","target":{"@type":"EntryPoint","urlTemplate":"https:\/\/motorpor.pt\/?s={search_term_string}"},"query-input":{"@type":"PropertyValueSpecification","valueRequired":true,"valueName":"search_term_string"}}],"inLanguage":"fr-FR"},{"@type":"Organization","@id":"https:\/\/motorpor.pt\/#organization","name":"motorpor","alternateName":"Motorpor","url":"https:\/\/motorpor.pt\/","logo":{"@type":"ImageObject","inLanguage":"fr-FR","@id":"https:\/\/motorpor.pt\/#\/schema\/logo\/image\/","url":"https:\/\/motorpor.pt\/wp-content\/uploads\/2024\/07\/Logo-Motorpor-Preto.svg","contentUrl":"https:\/\/motorpor.pt\/wp-content\/uploads\/2024\/07\/Logo-Motorpor-Preto.svg","width":493,"height":93,"caption":"Motorpor"},"image":{"@id":"https:\/\/motorpor.pt\/#\/schema\/logo\/image\/"},"sameAs":["https:\/\/www.linkedin.com\/company\/grupo-motorpor"]}]}},"vehica_21318":"Hybrid 1.2 145 48V Style 5p eDCS6","vehica_6656":{"vehica_currency_6656_2316":33528.41000000000349245965480804443359375},"vehica_24691":{"vehica_currency_24691_2316":""},"vehica_21320":"","vehica_21319":"","vehica_21125":"1199","vehica_21126":"5","vehica_21324":"136","vehica_14696":"","vehica_21123":"","vehica_6664":"","vehica_6671":"","vehica_21148":"107","vehica_21147":"4,7","vehica_6673":["https:\/\/motorpor.pt\/wp-content\/uploads\/2026\/01\/PEU308HB-525E1.jpg","https:\/\/motorpor.pt\/wp-content\/uploads\/2026\/01\/PEU308HB-525E1_E1.jpg","https:\/\/motorpor.pt\/wp-content\/uploads\/2026\/01\/PEU308HB-525E1_I2.jpg","https:\/\/motorpor.pt\/wp-content\/uploads\/2026\/01\/PEU308HB-525E1_I1.jpg"],"vehica_18820":[],"vehica_25894":"","vehica_25468":"","vehica_25495":"","vehica_25491":{"vehica_currency_25491_2316":""},"vehica_25485":{"vehica_currency_25485_2316":""},"vehica_25486":"","vehica_25487":"","vehica_25488":"","vehica_25489":{"vehica_currency_25489_2316":""},"vehica_25490":{"vehica_currency_25490_2316":""},"vehica_25492":{"vehica_currency_25492_2316":""},"vehica_25493":{"vehica_currency_25493_2316":""},"vehica_25494":{"vehica_currency_25494_2316":""},"vehica_25803":{"vehica_currency_25803_2316":""},"vehica_26852":"1106","vehica_70093":{"vehica_currency_70093_2316":""},"vehica_71305":{"vehica_currency_71305_2316":""},"_links":{"self":[{"href":"https:\/\/motorpor.pt\/fr\/wp-json\/wp\/v2\/cars\/410402","targetHints":{"allow":["GET"]}}],"collection":[{"href":"https:\/\/motorpor.pt\/fr\/wp-json\/wp\/v2\/cars"}],"about":[{"href":"https:\/\/motorpor.pt\/fr\/wp-json\/wp\/v2\/types\/vehica_car"}],"author":[{"embeddable":true,"href":"https:\/\/motorpor.pt\/fr\/wp-json\/wp\/v2\/users\/82"}],"wp:attachment":[{"href":"https:\/\/motorpor.pt\/fr\/wp-json\/wp\/v2\/media?parent=410402"}],"wp:term":[{"taxonomy":"vehica_6654","embeddable":true,"href":"https:\/\/motorpor.pt\/fr\/wp-json\/wp\/v2\/vehica_6654?post=410402"},{"taxonomy":"vehica_6659","embeddable":true,"href":"https:\/\/motorpor.pt\/fr\/wp-json\/wp\/v2\/vehica_6659?post=410402"},{"taxonomy":"vehica_6660","embeddable":true,"href":"https:\/\/motorpor.pt\/fr\/wp-json\/wp\/v2\/vehica_6660?post=410402"},{"taxonomy":"vehica_21091","embeddable":true,"href":"https:\/\/motorpor.pt\/fr\/wp-json\/wp\/v2\/vehica_21091?post=410402"},{"taxonomy":"vehica_6662","embeddable":true,"href":"https:\/\/motorpor.pt\/fr\/wp-json\/wp\/v2\/vehica_6662?post=410402"},{"taxonomy":"vehica_6666","embeddable":true,"href":"https:\/\/motorpor.pt\/fr\/wp-json\/wp\/v2\/vehica_6666?post=410402"},{"taxonomy":"vehica_21323","embeddable":true,"href":"https:\/\/motorpor.pt\/fr\/wp-json\/wp\/v2\/vehica_21323?post=410402"},{"taxonomy":"vehica_12770","embeddable":true,"href":"https:\/\/motorpor.pt\/fr\/wp-json\/wp\/v2\/vehica_12770?post=410402"},{"taxonomy":"vehica_6663","embeddable":true,"href":"https:\/\/motorpor.pt\/fr\/wp-json\/wp\/v2\/vehica_6663?post=410402"},{"taxonomy":"vehica_12974","embeddable":true,"href":"https:\/\/motorpor.pt\/fr\/wp-json\/wp\/v2\/vehica_12974?post=410402"},{"taxonomy":"vehica_6670","embeddable":true,"href":"https:\/\/motorpor.pt\/fr\/wp-json\/wp\/v2\/vehica_6670?post=410402"},{"taxonomy":"vehica_6657","embeddable":true,"href":"https:\/\/motorpor.pt\/fr\/wp-json\/wp\/v2\/vehica_6657?post=410402"},{"taxonomy":"vehica_6655","embeddable":true,"href":"https:\/\/motorpor.pt\/fr\/wp-json\/wp\/v2\/vehica_6655?post=410402"},{"taxonomy":"vehica_24503","embeddable":true,"href":"https:\/\/motorpor.pt\/fr\/wp-json\/wp\/v2\/vehica_24503?post=410402"},{"taxonomy":"vehica_24693","embeddable":true,"href":"https:\/\/motorpor.pt\/fr\/wp-json\/wp\/v2\/vehica_24693?post=410402"},{"taxonomy":"vehica_26462","embeddable":true,"href":"https:\/\/motorpor.pt\/fr\/wp-json\/wp\/v2\/vehica_26462?post=410402"},{"taxonomy":"vehica_26860","embeddable":true,"href":"https:\/\/motorpor.pt\/fr\/wp-json\/wp\/v2\/vehica_26860?post=410402"},{"taxonomy":"vehica_114400","embeddable":true,"href":"https:\/\/motorpor.pt\/fr\/wp-json\/wp\/v2\/vehica_114400?post=410402"}],"curies":[{"name":"wp","href":"https:\/\/api.w.org\/{rel}","templated":true}]}}

<p class="MsoNormal">Com uma nova frente iluminada, jantes exclusivas e cores arrojadas, o Novo PEUGEOT 308 afirma um design moderno e marcante, fiel ao ADN da marca do Leão.</p>
<p class="MsoListParagraphCxSpFirst" style="text-indent: -18.0pt"><!-- [if !supportLists]--><span style="font-family: Symbol"><span>·<span style="font: 7.0pt 'Times New Roman'">       </span></span></span><!--[endif]-->No interior, o PEUGEOT i-Cockpit® envolve o condutor numa experiência de condução intuitiva e personalizada, com volante compacto, painel digital e comandos ergonómicos, pensados para maximizar o conforto e o prazer ao volante.</p>
<p class="MsoListParagraphCxSpLast" style="text-indent: -18.0pt"><!-- [if !supportLists]--><span style="font-family: Symbol"><span>·<span style="font: 7.0pt 'Times New Roman'">       </span></span></span><!--[endif]-->A bordo, o Novo 308 oferece um interior acolhedor, espaço generoso para todos os ocupantes e uma bagageira até 412 litros (ou 314 litros na versão híbrida plug-in), garantindo versatilidade para o dia a dia.</p>

<!-- This site is optimized with the Yoast SEO plugin v27.5 - https://yoast.com/product/yoast-seo-wordpress/ -->
<title>Novo 308 - Motorpor</title>
<meta name="robots" content="index, follow, max-snippet:-1, max-image-preview:large, max-video-preview:-1" />
<link rel="canonical" href="https://motorpor.pt/fr/carros/novo-308/" />
<meta property="og:locale" content="fr_FR" />
<meta property="og:type" content="article" />
<meta property="og:title" content="Novo 308 - Motorpor" />
<meta property="og:description" content="Com uma nova frente iluminada, jantes exclusivas e cores arrojadas, o Novo PEUGEOT 308 afirma um design moderno e marcante, fiel ao ADN da marca do Leão. ·       No interior, o PEUGEOT i-Cockpit® envolve o condutor numa experiência de condução intuitiva e personalizada, com volante compacto, painel digital e comandos ergonómicos, pensados para maximizar o [&hellip;]" />
<meta property="og:url" content="https://motorpor.pt/fr/carros/novo-308/" />
<meta property="og:site_name" content="Motorpor" />
<meta property="article:modified_time" content="2026-01-20T11:48:45+00:00" />
<meta name="twitter:card" content="summary_large_image" />
<script type="application/ld+json" class="yoast-schema-graph">{"@context":"https:\/\/schema.org","@graph":[{"@type":"WebPage","@id":"https:\/\/motorpor.pt\/carros\/novo-308\/","url":"https:\/\/motorpor.pt\/carros\/novo-308\/","name":"Novo 308 - Motorpor","isPartOf":{"@id":"https:\/\/motorpor.pt\/#website"},"datePublished":"2026-01-20T11:48:44+00:00","dateModified":"2026-01-20T11:48:45+00:00","breadcrumb":{"@id":"https:\/\/motorpor.pt\/carros\/novo-308\/#breadcrumb"},"inLanguage":"fr-FR","potentialAction":[{"@type":"ReadAction","target":["https:\/\/motorpor.pt\/carros\/novo-308\/"]}]},{"@type":"BreadcrumbList","@id":"https:\/\/motorpor.pt\/carros\/novo-308\/#breadcrumb","itemListElement":[{"@type":"ListItem","position":1,"name":"Início","item":"https:\/\/motorpor.pt\/"},{"@type":"ListItem","position":2,"name":"Carros","item":"https:\/\/motorpor.pt\/pesquisar\/"},{"@type":"ListItem","position":3,"name":"Novo 308"}]},{"@type":"WebSite","@id":"https:\/\/motorpor.pt\/#website","url":"https:\/\/motorpor.pt\/","name":"Motorpor","description":"Comercio de Automóveis Multimarcas","publisher":{"@id":"https:\/\/motorpor.pt\/#organization"},"potentialAction":[{"@type":"SearchAction","target":{"@type":"EntryPoint","urlTemplate":"https:\/\/motorpor.pt\/?s={search_term_string}"},"query-input":{"@type":"PropertyValueSpecification","valueRequired":true,"valueName":"search_term_string"}}],"inLanguage":"fr-FR"},{"@type":"Organization","@id":"https:\/\/motorpor.pt\/#organization","name":"Motorpor","alternateName":"Motorpor","url":"https:\/\/motorpor.pt\/","logo":{"@type":"ImageObject","inLanguage":"fr-FR","@id":"https:\/\/motorpor.pt\/#\/schema\/logo\/image\/","url":"https:\/\/motorpor.pt\/wp-content\/uploads\/2024\/07\/Logo-Motorpor-Preto.svg","contentUrl":"https:\/\/motorpor.pt\/wp-content\/uploads\/2024\/07\/Logo-Motorpor-Preto.svg","width":493,"height":93,"caption":"Motorpor"},"image":{"@id":"https:\/\/motorpor.pt\/#\/schema\/logo\/image\/"},"sameAs":["https:\/\/www.linkedin.com\/company\/grupo-motorpor"]}]}</script>
<!-- / Yoast SEO plugin. -->

Com uma nova frente iluminada, jantes exclusivas e cores arrojadas, o Novo PEUGEOT 308 afirma um design moderno e marcante, fiel ao ADN da marca do Leão. ·       No interior, o PEUGEOT i-Cockpit® envolve o condutor numa experiência de condução intuitiva e personalizada, com volante compacto, painel digital e comandos ergonómicos, pensados para maximizar o [&hellip;]

Início

Comercio de Automóveis Multimarcas
